se 7, what is -2156656 + -11260?
-2201246
In base 15, what is -3dc + -169cd?
-16dba
In base 5, what is 222141 + 10133?
232324
In base 15, what is 4 + 157c87d?
157c882
In base 9, what is -123854064 - 4?
-123854068
In base 10, what is 101 - 157445?
-157344
In base 5, what is -111 + -304403231?
-304403342
In base 13, what is -19224 - a56?
-19c7a
In base 5, what is -340122 + -3423?
-344100
In base 2, what is -111101011110111 + -111001111100?
-1000100101110011
In base 3, what is -10121010 + -1011112?
-11202122
In base 3, what is -10 + -222222111211020?
-222222111211100
In base 5, what is 13 + 231130323?
231130341
In base 13, what is 113ab68 + -b?
113ab5a
In base 2, what is -101101100 + 1011111111101010?
1011111001111110
In base 13, what is 6 - -8ba2927?
8ba2930
In base 9, what is -8 - 3853002?
-3853011
In base 10, what is -1 - 1619538?
-1619539
In base 6, what is -1 - -15402130523?
15402130522
In base 4, what is -32313110 + -13111?
-32332221
In base 7, what is -214120563 + -42?
-214120635
In base 9, what is -445136 + -32?
-445168
In base 12, what is -2 + 6a956a?
6a9568
In base 8, what is 610764611 + 2?
610764613
In base 13, what is -a9a6bb9 + 2?
-a9a6bb7
In base 16, what is -24 - -47381?
4735d
In base 5, what is 12320432034 - 1?
12320432033
In base 13, what is 19339 + -3195?
16174
In base 5, what is -113242 + 4014034?
3400242
In base 9, what is -14 - 170556455?
-170556470
In base 3, what is 102122010202002212 + -2?
102122010202002210
In base 2, what is 100100101101 - -1001000011000?
1101101000101
In base 2, what is -10111000000000101000010 - -100010?
-10111000000000100100000
In base 4, what is -23212320101001 + 2?
-23212320100333
In base 6, what is -3014 + 1345010?
1341552
In base 10, what is -3 - -1227268?
1227265
In base 2, what is -10 + -1000111000110001110?
-1000111000110010000
In base 15, what is -c2ea9c + 57?
-c2ea45
In base 5, what is -4041200 - 41234?
-4132434
In base 10, what is -979 - 428?
-1407
In base 16, what is -7eaa7f + -1?
-7eaa80
In base 12, what is 301 + a356?
a657
In base 16, what is 1 - -6708807?
6708808
In base 12, what is -10 - -9064?
9054
In base 11, what is -182 - 34aaa1?
-350173
In base 7, what is 34 + 10214360?
10214424
In base 4, what is 2 - -1001322103032?
1001322103100
In base 9, what is -4073 + -11683?
-15766
In base 5, what is 21223434 + 34134?
21313123
In base 7, what is -1036 + -12645?
-14014
In base 16, what is 9f2c - 6?
9f26
In base 6, what is -20 - 35335025?
-35335045
In base 16, what is 4894 - -8a?
491e
In base 6, what is -4200023 - -534?
-4155045
In base 12, what is 4 + -108b14b?
-108b147
In base 2, what is -101 - 1100000011111010111011010001?
-1100000011111010111011010110
In base 5, what is -12 - -11121413100?
11121413033
In base 13, what is -5 - -c7353c0?
c7353b8
In base 10, what is 69812 + 700?
70512
In base 16, what is -6e66d - 11?
-6e67e
In base 11, what is -13044923 + 4?
-1304491a
In base 16, what is -2 + -5417dc?
-5417de
In base 7, what is -144633 + -2551?
-150514
In base 5, what is 213 + 22133012?
22133230
In base 16, what is -1f - e132d8?
-e132f7
In base 11, what is 3399 - 106504?
-103116
In base 8, what is 26174114 + -3?
26174111
In base 9, what is 8 + -265833?
-265824
In base 10, what is 59 + 257573?
257632
In base 2, what is 100010011101111110100100011000 - -10?
100010011101111110100100011010
In base 2, what is 1101111100010011011 + -11111100?
1101111011110011111
In base 5, what is -22413 - -13403212?
13330244
In base 6, what is -34202024301 - -3?
-34202024254
In base 9, what is -4076206 + 7?
-4076188
In base 8, what is 1 - -173444515?
173444516
In base 11, what is -a - -32267?
32258
In base 9, what is -1016 + 112018?
111002
In base 12, what is -1166a8 - -76b?
-115b39
In base 8, what is 741 - -13473?
14434
In base 7, what is 43201003 - -4?
43201010
In base 13, what is -5 + 14981c?
149817
In base 5, what is 1 - -23313243104?
23313243110
In base 2, what is -100110011110010000011111101 + -1?
-100110011110010000011111110
In base 9, what is 132486 + 3324?
135821
In base 7, what is 1063160 + 30?
1063220
In base 5, what is 20111 + 10004?
30120
In base 9, what is -42232 + 8321?
-32811
In base 7, what is -262224 + 2130?
-260064
In base 16, what is -1d61a + 1f?
-1d5fb
In base 8, what is -10 - -235777602?
235777572
In base 13, what is 5 + -219536?
-219531
In base 14, what is 3 - 1031754?
-1031751
In base 3, what is -1201 + 120102220122?
120102211221
In base 5, what is -211314 + -1013?
-212332
In base 12, what is -139b2b + 52?
-139a99
In base 5, what is 304034 + 1114433?
1424022
In base 8, what is 54272 - 1770?
52302
In base 2, what is -10011011 + 1001011100010110100?
1001011100000011001
In base 12, what is -2 + 172a709?
172a707
In base 4, what is 202103 - 30222023?
-30013320
In base 13, what is -5200 - -1c968?
17768
In base 11, what is -90 + 123204?
123124
In base 11, what is -15 + -136a103?
-136a118
In base 6, what is -2 + 2345531533?
2345531531
In base 2, what is -101 - -10100110110101001010101?
10100110110101001010000
In base 6, what is -32243435243 + 4?
-32243435235
In base 4, what is -101101212320 - -1120?
-101101211200
In base 16, what is -8e55f - -50?
-8e50f
In base 9, what is 4661 - 12875?
-7214
In base 10, what is -9006640 - -5?
-9006635
In base 10, what is -399871 + 86?
-399785
In base 5, what is 1212343432 - 11?
1212343421
In base 8, what is -445 + -56540?
-57205
In base 9, what is 4654230 + -485?
4653634
In base 11, what is -74266aa7 - -4?
-74266aa3
In base 9, what is -36 + 44545?
44508
In base 2, what is -1100101100001110110000 + -101?
-1100101100001110110101
In base 5, what is -4340011 - -1123?
-4333333
In base 13, what is -a - 2c94285?
-2c94292
In base 11, what is 51 - 25594?
-25543
In base 11, what is 21 - 824a58?
-824a37
In base 14, what is -3 + -255782d?
-2557832
In base 2, what is -1000001110001000 - 10?
-1000001110001010
In base 8, what is 42453 + 2207?
44662
In base 12, what is 26949 - 6489?
20480
In base 11, what is 874 - a708?
-9944
In base 5, what is -4400022 + -10102?
-4410124
In base 16, what is 18 - -4fe317?
4fe32f
In base 14, what is 13799ab - 18?
1379993
In base 16, what is -4 - -583911?
58390d
In base 15, what is 3e - -17644a?
176489
In base 8, what is 7 + -10535333?
-10535324
In base 16, what is 1ab + 4347?
44f2
In base 15, what is 1 + 374070b?
374070c
In base 16, what is 2 - 3865222?
-3865220
In base 8, what is 107464454 + 2?
107464456
In base 8, what is -13040 + -3533?
-16573
In base 13, what is 636522 + -15?
63650a
In base 6, what is -32 + 5021304?
5021232
In base 14, what is -d73c221 + 4?
-d73c21b
In base 4, what is 22230023121 - 3?
22230023112
In base 10, what is -700 - 192397?
-193097
In base 6, what is 14021435 + -4413?
14013022
In base 12, what is 0 - -6108003?
6108003
In base 6, what is -20141214 - 2315?
-20143533
In base 15, what is -1417e8 + 1d?
-1417ca
In base 8, what is -5 + -630565366?
-630565373
In base 16, what is 20563e + -22?
20561c
In base 15, what is 321255b + -4?
3212557
In base 6, what is 115 - -232252451?
232253010
In base 14, what is 2a8 + -3a258?
-39d90
In base 4, what is 120331301 - -10120?
121002021
In base 12, what is -1961 + 2a028?
28287
In base 6, what is -5100030124 + 12?
-5100030112
In base 8, what is -736714371 + 1?
-736714370
In base 12, what is 3 - -6370b028?
6370b02b
In base 12, what is 1 + -1016aa42?
-1016aa41
In base 10, what is -8791910 + -2?
-8791912
In base 3, what is -2 + -101121000222221?
-101121001000000
In base 12, what is a4189b + -35?
a41866
In base 6, what is 2353312143 - 5?
2353312134
In base 11, what is 169 + -68a979?
-68a810
In base 16, what is 1c60b3c3 - 0?
1c60b3c3
In base 9, what is -5 + -1676170?
-1676175
In base 8, what is -4 + 4050224?
4050220
In base 16, what is b9b9909 - 3?
b9b9906
In base 5, what is 421434 - 2203422?
-1231433
In base 6, what is -1553 - -215433?
213440
In base 9, what is 2238 + -14235?
-11886
In base 14, what is 255b4d1 + -5?
255b4ca
In base 9, what is 10 - -3060708?
3060718
In base 5, what is 230 + 404020422?
404021202
In base 7, what is 52001565 - -2?
52001600
In base 11, what is -22a - 3076?
-32a5
In base 5, what is -31012423 - -1244?
-31011124
In base 12, what is -134 - 1275?
-13a9
In base 10, what is -5023253 + -114?
-5023367
In base 8, what is 2632635 + -14?
2632621
In base 5, what is -1141322 